?
15
Let b = 56 - 35. Suppose 4*m + 58 = -14. Let l = 32 + m. Calculate the greatest common factor of l and b.
7
Suppose 8 + 16 = 2*d. What is the highest common divisor of d and 108?
12
Let y be (-3)/(-6)*24/1. Suppose 2*f - y = 42. Calculate the greatest common factor of 108 and f.
27
Suppose 4*f = -15 + 3, -g + f + 21 = 0. Let o(y) = -y**3 + 18*y**2 - 18*y + 23. Let q be o(17). Calculate the greatest common factor of g and q.
6
Let x = 76 - 28. Let m = -64 - -96. What is the greatest common factor of m and x?
16
Let y = 74 - 40. Suppose -212 = -4*o - 4*f, 3*f + 249 = o + 4*o. What is the highest common factor of y and o?
17
Let b be (-9)/6 + 1/2. Let y be (-1 - b)*(-4)/(-8). Let c be y - (-33 - 2 - -3). Calculate the greatest common factor of 4 and c.
4
Let y(z) = -5*z + 29. Let r be y(4). What is the highest common divisor of r and 36?
9
Let i = 2 - 0. Suppose 8 = i*b - 0*b, 0 = c + 2*b - 57. Suppose 0 = -4*m + 5 + 23. Calculate the greatest common factor of c and m.
7
Let s = 451 + -211. Suppose n + n - s = 0. Let x be (-4)/(-6) - (-86)/6. Calculate the greatest common divisor of n and x.
15
Let c(u) = u**3 + 8*u**2 + 5*u - 6. Let l be c(-7). Let w be (-5 - -3)*(-68)/l. What is the highest common factor of 68 and w?
17
Let g be (137/2)/((-8)/(-16)). Let r be g/7 + 12/28. Calculate the highest common divisor of 4 and r.
4
Let l(p) = 2*p**2 - 5*p**2 + 0 + 4*p**2 + 1. Let i be l(-4). What is the greatest common divisor of 68 and i?
17
Let z(t) = t**2 + 2*t - 4. Let v be z(-4). Suppose -4 = -v*o + 8. Suppose o*h + h = 36. What is the greatest common divisor of h and 81?
9
Let d be 0/1 - (-2 - 1). Let s(n) = 2*n**2 + n**d - n**2 - 5 - 9*n**2 + n. Let g be s(8). What is the highest common divisor of 12 and g?
3
Suppose -2*y = -y + 2. Let t be -1 + y*(-3)/6. Let z(w) = -w**3 - w**2 + 33. Let d be z(t). Calculate the greatest common factor of d and 22.
11
Let w(q) = 12*q - 64. Let x be w(6). Calculate the highest common divisor of 256 and x.
8
Suppose 0 = 13*b - 15*b + 52. What is the highest common factor of 13 and b?
13
Let g(s) be the second derivative of 1/20*s**5 - 1/6*s**4 - 2*s**2 - 2*s + 0*s**3 + 0. Let c be g(3). What is the greatest common factor of c and 1?
1
Let s = 2 - 0. Suppose -k = s*k. Suppose 4*d + d - 20 = k. Calculate the highest common divisor of d and 8.
4
Suppose -100 = -2*t - 5*m, -t + 1 + 49 = 4*m. What is the greatest common factor of 75 and t?
25
Let s be (9/12 - -4)*4. Let t be (-4*96)/(3/(-2)). Let q = t - 142. Calculate the highest common factor of s and q.
19
Suppose -371 = -3*f - 4*n, f = -2*f - 5*n + 376. What is the greatest common divisor of f and 13?
13
Suppose 0 = -5*d + 5*o + 60, -6 = -d - 2*o + 3. Calculate the greatest common divisor of d and 2.
1
Let z(d) = -d**3 - 5*d**2 - 4*d + 6. Let q be z(-4). What is the highest common factor of q and 12?
6
Let s = -39 - -62. What is the highest common divisor of s and 161?
23
Let x = -137 + 290. Let u = -3 + 7. Suppose -u*w = -5*p + 81, 5*p - 2*w - 11 - 72 = 0. What is the greatest common divisor of x and p?
17
Suppose -15 = -3*h + 2*h. What is the greatest common factor of h and 6?
3
Let n(f) = f**3 - 2*f + 143. Let a be n(0). What is the highest common divisor of a and 13?
13
Suppose 5*u - 52 = 88. Let s be (-6)/(-2)*42/18. Calculate the highest common divisor of u and s.
7
Suppose 0 = -y + 3. Suppose 0*o + 36 = -y*o. Let s = 0 - o. What is the highest common divisor of s and 2?
2
Suppose -362 = -2*s - 122. Let q be (-4 + 7)*(-4)/(-1). Calculate the greatest common divisor of q and s.
12
Suppose -3*m + 5*z = -23, m + 4*z - 30 = -m. Suppose 5*j - 2*j = 6. Suppose 0 = -j*t + 42 + 200. What is the greatest common factor of m and t?
11
Suppose 3*w - 3*t = -0 + 12, 3*t - 9 = 0. Calculate the greatest common divisor of 14 and w.
7
Let v(d) = d + 12. Suppose -33 = 5*z + 3*b, -b - 5 = -2*z + 3*z. Let m be v(z). Suppose 39 = -m*h + 138. Calculate the highest common factor of h and 11.
11
Suppose 4*p - 12 - 60 = 0. Calculate the greatest common divisor of p and 18.
18
Let i = 68 + -62. What is the greatest common divisor of i and 30?
6
Let x = 60 - 11. Calculate the highest common factor of x and 7.
7
Suppose b = -o + 8, 4*o - o - 6 = 3*b. Suppose -b*k + 3*i = 24, 3*k + 5*i = -2*k - 60. Let d = -6 - k. What is the greatest common divisor of 10 and d?
2
Let o be 919/4 - (-33)/(-44). Suppose 2*p - 3*u + 4*u - o = 0, 5*u - 585 = -5*p. Calculate the greatest common factor of 14 and p.
14
Suppose -560 = -4*t - 4*a, 3*t - a - 437 = -1. Let g = 41 - 23. Calculate the highest common divisor of t and g.
18
Let s be (-3)/(3/(-10)) - 1. Let d be (-1440)/(-280) - 12/(-14). What is the highest common divisor of s and d?
3
Let q = -26 + 58. What is the greatest common divisor of 2 and q?
2
Let n(u) = 2*u**2 + u + 4. Let l be n(-3). Let c be l*(-1 - (-6 - -3)). Calculate the highest common divisor of 19 and c.
19
Let v = -2 + 11. Suppose -4*t - 4*x + 1 - 41 = 0, 3*t - 2*x = -30. Let w = t - -19. Calculate the greatest common divisor of v and w.
9
Let i(u) = 6 + u**2 + 5*u - 5*u + 6*u + 0*u. Let y be i(-8). What is the highest common divisor of 2 and y?
2
Suppose 3*i + 64 - 415 = 0. Calculate the highest common factor of i and 13.
13
Let b(p) = 3*p**3 + 5*p**2 - p - 5. Let a be b(4). Suppose -62 = -5*v + a. What is the greatest common factor of v and 13?
13
Suppose -10 = -11*b + 6*b. Suppose -3*q = -b*q - 17. Calculate the highest common divisor of q and 153.
17
Let r(n) = 0*n - 3*n + 0*n - 3*n + 2. Let c be r(-5). Calculate the highest common factor of 288 and c.
32
Let c be (-30)/12 - 3/2. Let s(k) = -2*k**3 - 6*k**2 - 2*k - 1. Let p be s(c). Suppose -52 = -r - r. Calculate the highest common factor of p and r.
13
Suppose 44 = 4*n - 0*n. Suppose -w = -2*t + 243, -3*t - 5*w = -5*t + 247. What is the highest common divisor of n and t?
11
Let p = 3 + 2. Let c be ((-2)/8)/(p/(-60)). Suppose -a + 36 = c*a. What is the highest common factor of a and 45?
9
Suppose 3*v + v + 75 = r, -4*v + 2*r = 70. Let t be 3/(-15) - 224/v. What is the greatest common factor of 110 and t?
11
Let h(y) = 17*y - 3. Let i be h(2). Calculate the greatest common factor of i and 31.
31
Suppose 4 - 76 = -6*y. Suppose 3*x = 4*x + 5*n - 37, -3*n + y = 0. What is the highest common divisor of x and 187?
17
Let b = -17 - -37. Let m = b + 13. What is the greatest common divisor of m and 11?
11
Suppose -r - 3*x + 151 = 0, -4*x = r - 221 + 67. Let z = -93 + r. Calculate the greatest common divisor of z and 7.
7
Suppose 2*t - 20 = 7*t. Let i be (1*3)/((-3)/t). Suppose 0*c + 4*z = c + 14, c - 26 = -4*z. What is the greatest common factor of i and c?
2
Let i be 8/((-2)/(-4) + 0). What is the greatest common divisor of 48 and i?
16
Let i = -15 + 28. What is the greatest common divisor of i and 26?
13
Let l = -14 - -14. Suppose l = -5*m + 15, 2*r + 2*r - 262 = -2*m. What is the greatest common factor of r and 16?
16
Suppose 5*z - 9 = 21. Suppose 0*v = -v + 66. What is the greatest common divisor of v and z?
6
Suppose s = -0 + 2. Suppose 2*j - 23 = -d - 1, 4*d - 3*j - 77 = 0. Let k = -4 + d. What is the greatest common factor of s and k?
2
Suppose 7*j - 90 = 2*j. What is the highest common factor of j and 9?
9
Let c = -7 - -9. Suppose 2 = -g - c*h, -g - 4*g + 8 = h. Let q = 20 + -14. What is the highest common factor of g and q?
2
Let s be 6/4*(320/12)/4. What is the greatest common factor of s and 100?
10
Suppose -p = -3*l + 60, -2*l + 3*p + 24 + 16 = 0. Suppose -2*n + 4*f + 140 = 2*n, 4*n - 110 = -2*f. Calculate the greatest common factor of n and l.
10
Let f = 5 - -2. Let a be 1153/f - 8/(-28). Suppose -5*l - 35 + a = 0. What is the greatest common divisor of 65 and l?
13
Let m = 170 + -15. Calculate the greatest common factor of m and 62.
31
Let t(l) = 0*l**2 + 4*l**3 + 76 + 0 - 5*l**3 + l**2. Let v be t(0). Suppose -3*m + 386 = -v. Calculate the highest common factor of m and 22.
22
Suppose -3*j + 27 = -0*j. Suppose -5*f + 33 = -4*o, f - 2*f = -o - 7. Let i be (-3)/(9/(-129)) - o. What is the greatest common factor of i and j?
9
Suppose 5*i - 238 = j - 4*j, 0 = 5*j + 3*i - 386. Suppose -64 = -5*s + j. What is the highest common factor of s and 280?
28
Let d be 34/4 - 1/2. Let b(l) = 2*l + 7. Let u be b(-6). Let j be (6*u)